17).
-16
Let h(l) = l**2 + 13495*l - 94468. Give h(7).
46
Let l(s) = 751*s + 3693. Determine l(-5).
-62
Let g(h) = -2*h**3 + 440*h**2 + 445*h - 683. Determine g(221).
-20
Let c(t) = -9659*t + 57943. Give c(6).
-11
Let s(z) = -z**3 - 152*z**2 + 6762*z - 1132. What is s(-188)?
-4
Let c(y) = 3596*y - 61206. Calculate c(17).
-74
Let c(d) = 2*d**2 + 7411*d + 44435. Calculate c(-6).
41
Let y(m) = 109*m**2 - 1667*m - 10250. Determine y(20).
10
Let i(u) = 7*u**2 - 155*u - 21963. Determine i(-46).
-21
Let p(o) = -o**3 - 240*o**2 + 482*o - 439. What is p(-242)?
45
Let y(l) = -4760*l + 12602. Calculate y(3).
-1678
Let d(f) = -f**2 - 519*f - 13753. Give d(-28).
-5
Let j(l) = 6*l**2 - 584*l + 13733. Calculate j(59).
163
Let m(p) = 552*p - 3392. What is m(5)?
-632
Let b(q) = -133*q**2 - 532*q - 20. Calculate b(-5).
-685
Let l(o) = -324*o**2 + 41470*o + 222. Determine l(128).
-34
Let s(i) = 21*i**2 + 317*i - 1875. Calculate s(6).
783
Let f(t) = -3*t**2 - 468*t - 18189. What is f(-78)?
63
Let i(k) = 14*k**2 + 254*k - 1210. Give i(4).
30
Let m(j) = j**2 + 147*j + 5248. What is m(-92)?
188
Let o(p) = 17714*p - 27261834. Calculate o(1539).
12
Let p(n) = n**2 - 19*n + 1799. Give p(68).
5131
Let d(h) = 2106*h - 71644. Calculate d(34).
-40
Let v(x) = x**3 - 27*x**2 - 4985*x + 142769. What is v(29)?
-114
Let q(x) = -9703*x + 58156. What is q(6)?
-62
Let d(j) = -43*j**2 - 18921*j + 18541. What is d(-441)?
19
Let n(b) = 648*b**2 - 491*b - 33. What is n(1)?
124
Let z(j) = -4*j**3 + 133*j**2 - 144*j - 505. Determine z(32).
7
Let q(g) = -51*g**3 + 1016*g**2 + 92*g - 242. Calculate q(20).
-2
Let z(t) = -638*t + 127010. Determine z(199).
48
Let j(d) = -43*d**2 - 71*d - 66. Calculate j(-6).
-1188
Let j(k) = 9469280*k - 113631357. Give j(12).
3
Let s(n) = -687*n**2 - 894*n - 3. Give s(-2).
-963
Let l(j) = 6413*j - 185968. Give l(29).
9
Let w(n) = 3*n**2 - 54*n - 9401. What is w(-43)?
-1532
Let j(t) = 12095*t - 568462. Calculate j(47).
3
Let n(s) = -4*s**3 - 269*s**2 + 527*s + 3042. Give n(-69).
6
Let o(h) = -31*h**3 - 10108*h**2 - 635*h + 5538. What is o(-326)?
-4
Let z(a) = 2*a**3 - 69*a**2 + 98*a + 99. Calculate z(33).
66
Let k(x) = -1103*x + 81644. Determine k(74).
22
Let w(l) = 17240*l - 139095. What is w(8)?
-1175
Let r(i) = -71368*i + 713759. What is r(10)?
79
Let v(z) = -92*z**2 - 58*z - 30. Give v(2).
-514
Let u(g) = -g**3 + 10*g**2 - 47*g + 22. Calculate u(6).
-116
Let z(y) = 3733*y - 78389. What is z(21)?
4
Let s(c) = 8*c**2 + 7*c - 289. Give s(15).
1616
Let o(y) = 296*y**3 + 6*y**2 - 10*y + 15. Give o(2).
2387
Let l(c) = 807*c + 146850. Calculate l(-182).
-24
Let c(r) = -4488*r - 26389. Give c(-6).
539
Let l(g) = 7*g**2 + 23*g - 71. Determine l(4).
133
Let y(t) = -t**3 + 645*t**2 - 28107*t + 34. Determine y(47).
-13
Let m(t) = -61*t**2 - 2003*t + 167. Determine m(-33).
-163
Let d(s) = s**3 + 20*s**2 + 90*s - 25. Give d(-18).
-997
Let r(h) = 2*h**3 + 22*h**2 + 19*h + 215. What is r(-11)?
6
Let f(p) = 9*p**3 - 11*p**2 - 83*p + 400. Determine f(4).
468
Let s(r) = 1951*r - 108247. Give s(56).
1009
Let t(a) = -4968*a + 89425. Give t(18).
1
Let x(r) = -191544*r + 1340830. What is x(7)?
22
Let l(k) = 51*k**3 + 559*k**2 + 67*k + 901. Determine l(-11).
-78
Let f(a) = -78*a**2 - 1124*a + 267. Give f(-15).
-423
Let x(b) = -b**3 - 9*b**2 + 11967*b - 557. Give x(-114).
-215
Let b(o) = -2*o**3 + 76*o**2 + 2766*o - 8926. What is b(3)?
2
Let i(j) = 666571*j + 5332585. Determine i(-8).
17
Let w(m) = -1882*m + 2376. Calculate w(1).
494
Let c(m) = 5*m**3 - 33*m**2 - 26657*m + 186490. Calculate c(7).
-11
Let i(f) = f**2 + 2196*f - 33173. Determine i(15).
-8
Let v(n) = 23*n**3 - 210*n**2 - 189*n + 1954. What is v(9)?
10
Let s(d) = 29883*d - 35381471. Determine s(1184).
1
Let o(r) = -4*r**2 - 112*r - 185. Determine o(-26).
23
Let a(f) = 3043*f**2 - 45617*f - 412. Calculate a(15).
8
Let c(k) = -k**2 + 4841*k - 226692. Calculate c(47).
-1374
Let k(q) = 4*q**3 + 9*q**2 + 389*q + 1699. Determine k(-4).
31
Let m(k) = -1270*k - 137137. Give m(-108).
23
Let u(j) = -178*j**2 - 8542*j + 72. Calculate u(-48).
-24
Let t(j) = 2*j**3 - 20*j**2 - 1389*j + 26. What is t(32)?
634
Let p(b) = 2*b**2 - 3645*b + 21813. Calculate p(6).
15
Let c(t) = 26752*t - 508055. Give c(19).
233
Let b(o) = -3*o**2 + 188*o + 24470. Calculate b(127).
-41
Let s(q) = -q**3 + 108*q**2 + 3326*q - 122. What is s(133)?
11
Let g(b) = 16*b**3 - 398*b**2 - 35*b - 172. Determine g(25).
203
Let u(i) = -52234*i + 1671490. Give u(32).
2
Let x(t) = t**3 + 42*t**2 + 14*t - 32. Give x(-42).
-620
Let p(g) = 3*g**3 - 5*g**2 - 995*g + 2968. What is p(3)?
19
Let t(z) = -z**3 + 111*z**2 - 2167*z + 812. Determine t(25).
387
Let b(y) = y**2 - 30164*y + 271403. Calculate b(9).
8
Let u(l) = l**3 - 24*l**2 - 1473*l + 31486. Calculate u(21).
-770
Let r(a) = -a**2 + 37*a + 3926. Determine r(-46).
108
Let h(b) = -44*b**2 + 75*b + 397. Give h(-6).
-1637
Let u(i) = 3*i**2 - 403*i + 7162. Calculate u(18).
880
Let r(z) = -9211*z - 340823. Calculate r(-37).
-16
Let u(g) = -2243*g - 181632. Determine u(-81).
51
Let d(k) = -52*k**2 - 4471*k - 19. What is d(-86)?
-105
Let f(l) = l**3 + 191*l**2 - 3554*l - 3751. Determine f(-208).
-7
Let u(t) = -t**3 - 80*t**2 - 321*t - 302. Give u(-76).
990
Let r(i) = -215*i**2 - 814*i + 815. Give r(1).
-214
Let t(x) = -21*x**2 + 7093*x - 578909. Give t(138).
1
Let f(i) = i**3 + 19*i + 26. Give f(0).
26
Let y(f) = -f**2 - 2575*f + 125868. Calculate y(48).
-36
Let m(b) = 2808*b**2 + 61754*b - 503. Determine m(-22).
-19
Let t(s) = -1243*s + 7436. Determine t(5).
1221
Let u(v) = -206788*v + 206776. What is u(1)?
-12
Let b(o) = -5*o**2 + 1140*o + 9029. Determine b(-8).
-411
Let z(d) = d**3 + 354*d**2 - 11934*d - 29. Give z(31).
2
Let o(s) = 68*s - 1396. What is o(22)?
100
Let d(x) = 42*x**2 - 367*x - 1499. Calculate d(12).
145
Let c(p) = -3*p**3 + 92*p**2 - 29*p + 1819. Determine c(31).
-41
Let n(d) = -1909536*d - 2. Determine n(0).
-2
Let s(g) = -50*g + 803. Calculate s(20).
-197
Let v(p) = -25*p**2 + 416*p + 2293. What is v(21)?
4
Let m(v) = -v**3 - 144*v**2 - 3628*v + 1202. Calculate m(-33).
47
Let x(w) = w**3 - 51*w**2 - 3002*w - 784. Give x(86).
-96
Let h(t) = -2*t**2 - 238*t + 211391. What is h(271)?
11
Let f(c) = -11277*c - 248087. Give f(-22).
7
Let x(r) = 112*r**2 + 1597*r - 1621. Calculate x(1).
88
Let i(g) = 124*g + 26081. What is i(-181)?
3637
Let n(q) = -q**3 + 179*q**2 + 605*q - 10717. Determine n(182).
21
Let i(j) = -83*j**2 + 22*j + 815. Give i(-3).
2
Let y(v) = 2*v**3 - 400*v**2 + 404*v - 1192. What is y(199)?
2
Let w(g) = -2*g**3 + 88*g**2 + 720*g - 225. Calculate w(51).
81
Let t(h) = 3670*h + 41021. Calculate t(-11).
651
Let i(m) = -m**3 + 1480*m**2 - 3169*m + 314807. What is i(1478)?
-7
Let p(i) = i**3 + 28*i**2 + 159*i + 5493. Calculate p(-31).
-2319
Let g(y) = y**2 - 2060*y + 291776. Determine g(153).
5
Let b(o) = -76*o + 5510. Determine b(61).
874
Let c(j) = 306*j + 11342. Give c(-37).
20
Let m(l) = -12891*l + 257726. Give m(20).
-94
Let a(h) = -h**3 - 5*h**2 + 206*h + 3. Calculate a(12).
27
Let o(z) = -9*z**2 - 16750*z + 1. Determine o(0).
1
Let i(b) = 17023*b - 187335. Calculate i(11).
-82
Let c(i) = -7*i**2 + 661*i + 6520. Calculate c(-10).
-790
Let f(p) = -218*p + 33898. Determine f(157).
-328
Let m(q) = q**2 - 153*q - 128466. Give m(-290).
4
Let b(i) = i**2 - 503*i + 24195. Determine b(449).
-51
Let b(h) = 2*h**2 - 11147*h + 66807. What is b(6)?
-3
Let q(b) = -2*b**2 + 14910*b + 3836585. Calculate q(-249).
-7
Let h(z) = -7*z**3 + 31*z**2 + 144*z - 7. Determine h(-4).
361
Let w(h) = 29*h + 358. What is w(-43)?
-889
Let i(u) = u**3 - 32*u**2 - 102*u + 1398. Determine i(34).
242
Let l(j) = 3*j**2 + 162*j + 4544. Give l(-30).
2384
Let m(q) = 13*q**2 + 242*q + 1822. Determine m(-16).
1278
Let p(s) = s**2 + 3808*s + 2894195. Give p(-1049).
4
Let n(a) = -13983*a - 391531. Calculate n(-28).
-7
Let z(b) = 2*b**2 - 569*b + 17468. What is z(35)?
3
Let d(m) = 75*m + 10468. Give d(-132).
568
Let m(j) = 1808*j + 36611. Calculate m(-20).
451
Let l(u) = 66978*u - 937675. Give l(14).
17
Let d(c) = 20279*c + 197. Calculate d(0).
197
Let j(s) = 1065*s + 96884. Give j(-91).
-31
Let l(c) = c**3 - 6*c**2 + 25742*c - 180219. Calculate l(7).
24
Let u(g) = g**2 - 566*g - 287144. Calculate u(-323).
3
Let r(n) = 273*n**2 